11011 (base 2) in base 15?
-3c4
What is 52140 (base 6) in base 12?
4050
What is -233203 (base 4) in base 5?
-44133
Convert 2780 (base 11) to base 12.
20b9
What is 1201323 (base 4) in base 9?
8533
112351 (base 6) to base 8
22653
Convert -167b (base 13) to base 16.
-cf1
What is -166 (base 12) in base 4?
-3132
-614 (base 11) to base 14
-3ad
What is 1110211 (base 3) in base 11?
898
Convert -218 (base 9) to base 8.
-263
Convert -40512 (base 8) to base 10.
-16714
Convert 130 (base 16) to base 10.
304
What is -2436 (base 16) in base 2?
-10010000110110
-2a21 (base 11) to base 12
-2307
Convert -5aa (base 14) to base 2.
-10001101010
What is 21f5 (base 16) in base 4?
2013311
-13806 (base 11) to base 14
-7208
2022421 (base 5) to base 7
164543
Convert 645 (base 8) to base 6.
1541
-343002 (base 5) to base 15
-396c
What is -101322 (base 4) in base 6?
-5150
What is 29ba (base 16) in base 8?
24672
Convert 7665 (base 8) to base 9.
5457
What is -423111 (base 5) in base 4?
-3131030
a12 (base 12) to base 11
1102
What is -1110110110110 (base 2) in base 5?
-220411
-523 (base 7) to base 4
-10012
Convert 581a (base 11) to base 4.
1313130
What is -32321 (base 4) in base 2?
-1110111001
Convert -215 (base 8) to base 3.
-12020
Convert 2092 (base 10) to base 2.
100000101100
What is -33388 (base 10) in base 6?
-414324
-57510 (base 8) to base 16
-5f48
Convert -100211 (base 3) to base 2.
-100001001
35124 (base 8) to base 11
10245
What is -770 (base 13) in base 2?
-10011111010
What is -27b5 (base 16) in base 8?
-23665
What is -1103 (base 4) in base 8?
-123
11331311 (base 4) to base 15
7392
What is -2171 (base 11) in base 9?
-3828
What is -16355 (base 8) in base 14?
-29ad
What is 2953 (base 15) in base 6?
104553
-102340 (base 5) to base 12
-2012
-113233 (base 4) to base 5
-22034
What is -34214 (base 6) in base 15?
-1674
Convert -1c48 (base 14) to base 15.
-17e0
What is -b33 (base 13) in base 14?
-99b
-9492 (base 11) to base 16
-3114
What is c03 (base 16) in base 12?
1943
What is 18d (base 15) in base 2?
101100110
What is -2d9 (base 14) in base 6?
-2411
-7218 (base 9) to base 12
-3082
What is 213312 (base 4) in base 2?
100111110110
What is -429 (base 10) in base 3?
-120220
-52a (base 12) to base 13
-460
303031 (base 5) to base 12
579a
-2030030 (base 4) to base 16
-230c
Convert 2db (base 16) to base 6.
3215
Convert 13d6 (base 14) to base 7.
13156
Convert -31202 (base 5) to base 16.
-804
233030 (base 5) to base 11
6441
What is 541 (base 10) in base 15?
261
Convert -38d (base 15) to base 8.
-1450
2222 (base 7) to base 2
1100100000
What is 110225 (base 7) in base 11?
13579
What is 4a05 (base 14) in base 4?
3022031
78855 (base 9) to base 3
2122221212
What is -12726 (base 8) in base 14?
-2074
What is -222220021 (base 3) in base 9?
-28807
3c1 (base 14) to base 8
1365
Convert -1314444 (base 5) to base 10.
-26249
31556 (base 8) to base 4
3031232
What is -1b9d (base 15) in base 6?
-43434
1202012 (base 3) to base 14
670
What is 1f19 (base 16) in base 9?
11825
545 (base 12) to base 11
643
Convert -411e (base 15) to base 9.
-20772
Convert 3422 (base 7) to base 3.
1200222
-195 (base 10) to base 14
-dd
Convert 1203 (base 5) to base 10.
178
What is 3e6 (base 16) in base 6?
4342
-b9 (base 12) to base 8
-215
What is 1b77 (base 13) in base 15?
136e
Convert -4d5 (base 15) to base 5.
-13400
What is -111110010 (base 2) in base 10?
-498
-9c5 (base 14) to base 12
-1155
-521 (base 9) to base 3
-120201
What is 62511 (base 8) in base 2?
110010101001001
548 (base 9) to base 4
13001
Convert 1010110101 (base 2) to base 5.
10233
Convert 2615 (base 16) to base 3.
111101002
Convert -122021 (base 3) to base 11.
-394
Convert 17e69 (base 15) to base 7.
441642
24421 (base 7) to base 9
8674
110133 (base 4) to base 10
1311
-55022 (base 6) to base 15
-239e
Convert -288d (base 16) to base 8.
-24215
What is -5812 (base 10) in base 4?
-1122310
-c9 (base 13) to base 14
-bb
-5275 (base 12) to base 15
-2a12
Convert 405 (base 12) to base 10.
581
What is 33 (base 10) in base 7?
45
What is -302505 (base 7) in base 3?
-2121110010
30103322 (base 4) to base 14
1453c
Convert -11000010100 (base 2) to base 6.
-11112
Convert 22303 (base 5) to base 13.
945
-10220222 (base 3) to base 4
-230231
What is -32131 (base 4) in base 16?
-39d
-21273 (base 8) to base 2
-10001010111011
3902 (base 14) to base 6
114142
Convert -101233030 (base 4) to base 10.
-72652
1000001100 (base 2) to base 15
24e
What is 1123143 (base 6) in base 3?
2221012100
Convert -24434 (base 5) to base 9.
-2506
-85 (base 14) to base 5
-432
-19557 (base 10) to base 14
-71ad
What is -304413 (base 5) in base 7?
-41051
Convert -1407 (base 8) to base 11.
-645
-2234 (base 6) to base 14
-298
-cd5 (base 16) to base 14
-12a9
What is 404 (base 6) in base 10?
148
972b (base 13) to base 5
1132433
What is -4102 (base 5) in base 2?
-1000001111
Convert -255 (base 12) to base 7.
-1013
What is 421105 (base 6) in base 16?
84a1
What is 303 (base 4) in base 8?
63
Convert -366 (base 12) to base 9.
-626
Convert 10050 (base 8) to base 6.
31052
What is -10011001111 (base 2) in base 4?
-103033
43304 (base 6) to base 13
2923
Convert 11691 (base 11) to base 2.
100000110011110
10245 (base 6) to base 10
1397
What is 10001000101111 (base 2) in base 9?
13003
789 (base 10) to base 5
11124
What is -287 (base 15) in base 9?
-711
-3130440 (base 5) to base 7
-304406
What is -20355 (base 6) in base 11?
-2067
Convert -112102012 (base 3) to base 7.
-42431
What is -26262 (base 7) in base 16?
-1b5a
Convert -279c (base 14) to base 16.
-1b56
Convert -433 (base 9) to base 11.
-2a2
What is 7d5 (base 14) in base 11?
1198
Convert 1000100000 (base 2) to base 8.
1040
2414 (base 12) to base 15
12ed
2074 (base 11) to base 9
3677
Convert -320 (base 5) to base 2.
-1010101
What is 12261 (base 7) in base 13?
1614
What is -30033113 (base 4) in base 9?
-75685
753 (base 10) to base 11
625
Convert 202 (base 3) to base 9.
22
Convert -332 (base 16) to base 3.
-1010022
What is -1582 (base 12) in base 9?
-3438
What is 5862 (base 9) in base 8?
10375
What is 1046 (base 11) in base 2?
10101100101
2886 (base 12) to base 15
15e0
Convert 11111000110 (base 2) to base 4.
133012
What is 133557 (base 9) in base 11?
56159
-7100 (base 8) to base 3
-12000010
Convert 5202 (base 7) to base 2.
11100010111
What is 2325 (base 8) in base 13?
742
Convert 53506 (base 7) to base 9.
20201
What is -302144 (base 5) in base 9?
-14238
What is -120127 (base 8) in base 11?
-28926
Convert -347 (base 9) to base 8.
-436
Convert -142165 (base 7) to base 13.
-c4ba
What is 15643 (base 7) in base 15?
14b1
-22a7 (base 12) to base 10
-3871
What is -1001000000110 (base 2) in base 4?
-1020012
1a169 (base 13) to base 4
30121203
-121112120 (base 3) to base 12
-6b89
What is 344 (base 9) in base 15?
13d
Convert 12624 (base 7) to base 13.
1716
-1287 (base 14) to base 13
-1635
-788 (base 16) to base 6
-12532
What is 16252 (base 9) in base 11?
8411
110443 (base 6) to base 11
6a43
Convert -222131 (base 7) to base 9.
-58655
What is -114 (base 16) in base 4?
-10110
What is 1513 (base 7) in base 5?
4343
Convert -1376 (base 8) to base 5.
-11031
Convert -121211 (base 3) to base 16.
-1c6
911c (base 16) to base 6
443552
What is 148870 (base 9) in base 14?
2567a
11b9 (base 13) to base 11
198a
1010101 (base 2) to base 12
71
What is 1011110101 (base 2) in base 5?
11012
-2122 (base 3) to base 10
-71
What is 1062 (base 8) in base 4?
20302
What is 1278 (base 10) in base 12?
8a6
Convert 339 (base 13) to base 7.
1422
Convert 1474 (base 12) to base 5.
34032
Convert -57d9 (base 16) to base 15.
-69e4
What is -1535 (base 6) in base 8?
-643
What is 31532 (base 9) in base 2?
101000101101110
What is c49 (base 14) in base 9?
3275
What is -587 (base 13) in base 14?
-4c4
Convert 133703 (base 8) to base 9.
71470
-243 (base 11) to base 12
-201
1058a (base 12) to base 15
65c7
c2 (base 13) to base 9
185
-2345 (base 6) to base 14
-2c9
Convert -1205 (base 6) to base 12.
-205
What is -10343 (base 6) in base 2?
-10110010111
Convert -254 (base 15) to base 13.
-319
Convert 28207 (base 10) to base 13.
caba
What is -1248 (base 10) in base 2?
-10011100000
What is -4a4 (base 11) in base 3?
-211011
What is 197 (base 15) in base 14?
1c3
What is 131 (base 10) in base 6?
335
Convert -254530 (base 6) to base 5.
-1214334
